{"id":12,"date":"2011-03-27T18:53:44","date_gmt":"2011-03-27T18:53:44","guid":{"rendered":"http:\/\/www.santarves.salcininkai.lm.lt\/?page_id=12"},"modified":"2025-10-27T10:39:31","modified_gmt":"2025-10-27T08:39:31","slug":"istorija","status":"publish","type":"page","link":"http:\/\/www.santarves.salcininkai.lm.lt\/?page_id=12","title":{"rendered":"Istorija"},"content":{"rendered":"<p>\u0160al\u010dinink\u0173 \u201eSantarv\u0117s\u201c gimnazija \u2013 vienintel\u0117 gimnazija rajone, kurioje ugdymas vyksta rus\u0173 tautin\u0117s ma\u017eumos kalba. Tai gimnazija teikianti pradin\u012f, pagrindin\u012f ir vidurin\u012f i\u0161silavinim\u0105, joje veikia ikimokyklinio ir prie\u0161mokyklinio ugdymo grup\u0117s. Be to, gimnazijoje yra suaugusi\u0173j\u0173 klas\u0117s, kur kiekvienas gali \u012fgyti vidurin\u012f i\u0161silavinim\u0105.<\/p>\n<p>Anks\u010diau vadinta \u0160al\u010dinink\u0173 2-oji vidurin\u0117 mokykla pastatyta 1983 m. Joje ugdymas vyko lietuvi\u0173 ir rus\u0173 kalbomis. I\u0161 viso 1983 metais mok\u0117si 537 mokiniai.<\/p>\n<p>1997 met\u0173 liepos 4 d., \u0160al\u010dinink\u0173 2-oji vidurin\u0117&nbsp; mokykla reorganizuota \u012f \u0160al\u010dinink\u0173 vidurin\u0119 mokykl\u0105, su rus\u0173 tautin\u0117s ma\u017eumos mokom\u0105ja kalba. 1998 met\u0173 gruod\u017eio 23 d. mokyklai suteiktas \u0160al\u010dinink\u0173 \u201eSantarv\u0117s\u201c&nbsp; vidurin\u0117s mokyklos vardas, o nuo 2015 met\u0173 liepos 2 d. suteiktas \u0160al\u010dinink\u0173 \u201eSantarv\u0117s\u201c gimnazijos vardas. Iki 2025 m. i\u0161leistos 42 abiturient\u0173 laidos. \u0160iuo metu gimnazijoje mokosi 133 &nbsp;mokiniai.<\/p>\n<p>Pirmoji direktor\u0117 \u2013 Marija Ratavi\u010dien\u0117 (vykd\u0117 pareigas nuo 1983 m. iki 2011 m.). Nuo 2011 m. iki 2014 met\u0173 gimnazijai vadovavo Jan \u017dilinskij. Nuo 2014 m. direktoriaus pareigas s\u0117kmingai vykdo Inga Marci\u0161evska. Per vis\u0105 laik\u0105 gimnazijoje dirbo ir iki \u0161iol savo veikl\u0105 t\u0119sia darb\u0161t\u016bs ir kvalifikuoti mokytojai. \u0160iuo metu dirba 33 mokytojai, bibliotekinink\u0117, socialin\u0117 pedagog\u0117, psicholog\u0117, logoped\u0117, sveikatos specialist\u0117, ugdymo karjerai specialistas, mokinio pad\u0117j\u0117jai.<\/p>\n<p>Mokiniai turi galimyb\u0119 mokytis angl\u0173 arba vokie\u010di\u0173 kalb\u0173. Gimnazijoje yra viskas tam, kad jauni \u017emon\u0117s \u012fgyt\u0173 i\u0161silavinim\u0105 ir patys ugdyt\u0173si kaip asmenyb\u0117s. \u012erengta \u0161iuolaiki\u0161ka sporto sal\u0117, treniruokliai, akt\u0173 sal\u0117, dirbtuv\u0117s, skirtos technologij\u0173 pamokoms, specializuoti fizikos, chemijos ir biologijos kabinetai. \u012erengtos poilsio zonos, kuriose mokiniai laisvai gali \u017eaisti \u012fvairius stalo \u017eaidimus, bendrauti tarpusavyje arba pasigro\u017e\u0117ti gimnazijos mokini\u0173 darb\u0173 paroda. Per 42 metus bendras mokini\u0173 skai\u010dius per\u017eeng\u0117 1700 mokini\u0173. Kasmet ugdytiniai dalyvauja rajonin\u0117se arba respublikin\u0117se olimpiadose, konkursuose, projektuose, akcijose, kur u\u017eima geras vietas. Mes turime kuo did\u017eiuotis!<\/p>\n<p>Gimnazija i\u0161laik\u0117 savo tradicijas, pagr\u012fstas tokiomis vertyb\u0117mis, kaip: kart\u0173 t\u0119stinumas, bendradarbiavimas, pagarba gimnazijos istorijai ir gimtajai \u0161aliai, Lietuvai.<\/p>\n<p>&nbsp;<\/p>\n\n\n<figure class=\"wp-block-image size-large\"><a href=\"http:\/\/www.santarves.salcininkai.lm.lt\/wp-content\/uploads\/2025\/10\/1-3-scaled.jpg\"><img decoding=\"async\" loading=\"lazy\" width=\"1024\" height=\"768\" src=\"http:\/\/www.santarves.salcininkai.lm.lt\/wp-content\/uploads\/2025\/10\/1-3-1024x768.jpg\" alt=\"\" class=\"wp-image-7734\" srcset=\"http:\/\/www.santarves.salcininkai.lm.lt\/wp-content\/uploads\/2025\/10\/1-3-1024x768.jpg 1024w, http:\/\/www.santarves.salcininkai.lm.lt\/wp-content\/uploads\/2025\/10\/1-3-300x225.jpg 300w, http:\/\/www.santarves.salcininkai.lm.lt\/wp-content\/uploads\/2025\/10\/1-3-768x576.jpg 768w, http:\/\/www.santarves.salcininkai.lm.lt\/wp-content\/uploads\/2025\/10\/1-3-1536x1152.jpg 1536w, http:\/\/www.santarves.salcininkai.lm.lt\/wp-content\/uploads\/2025\/10\/1-3-2048x1536.jpg 2048w\" sizes=\"(max-width: 1024px) 100vw, 1024px\" \/><\/a><\/figure>\n\n\n\n<figure class=\"is-layout-flex wp-block-gallery-1 wp-block-gallery has-nested-images columns-default is-cropped\">\n<figure class=\"wp-block-image size-large\"><a href=\"http:\/\/www.santarves.salcininkai.lm.lt\/wp-content\/uploads\/2025\/10\/2-2.jpg\"><img decoding=\"async\" loading=\"lazy\" width=\"576\" height=\"1024\" data-id=\"7737\"  src=\"http:\/\/www.santarves.salcininkai.lm.lt\/wp-content\/uploads\/2025\/10\/2-2-576x1024.jpg\" alt=\"\" class=\"wp-image-7737\" srcset=\"http:\/\/www.santarves.salcininkai.lm.lt\/wp-content\/uploads\/2025\/10\/2-2-576x1024.jpg 576w, http:\/\/www.santarves.salcininkai.lm.lt\/wp-content\/uploads\/2025\/10\/2-2-169x300.jpg 169w, http:\/\/www.santarves.salcininkai.lm.lt\/wp-content\/uploads\/2025\/10\/2-2-768x1365.jpg 768w, http:\/\/www.santarves.salcininkai.lm.lt\/wp-content\/uploads\/2025\/10\/2-2-864x1536.jpg 864w, http:\/\/www.santarves.salcininkai.lm.lt\/wp-content\/uploads\/2025\/10\/2-2.jpg 1080w\" sizes=\"(max-width: 576px) 100vw, 576px\" \/><\/a><figcaption class=\"wp-element-caption\">Vasario 16 d. 2025 m.<\/figcaption><\/figure>\n\n\n\n<figure class=\"wp-block-image size-large\"><a href=\"http:\/\/www.santarves.salcininkai.lm.lt\/wp-content\/uploads\/2025\/10\/3-1.jpg\"><img decoding=\"async\" loading=\"lazy\" width=\"1015\" height=\"1024\" data-id=\"7735\"  src=\"http:\/\/www.santarves.salcininkai.lm.lt\/wp-content\/uploads\/2025\/10\/3-1-1015x1024.jpg\" alt=\"\" class=\"wp-image-7735\" srcset=\"http:\/\/www.santarves.salcininkai.lm.lt\/wp-content\/uploads\/2025\/10\/3-1-1015x1024.jpg 1015w, http:\/\/www.santarves.salcininkai.lm.lt\/wp-content\/uploads\/2025\/10\/3-1-297x300.jpg 297w, http:\/\/www.santarves.salcininkai.lm.lt\/wp-content\/uploads\/2025\/10\/3-1-150x150.jpg 150w, http:\/\/www.santarves.salcininkai.lm.lt\/wp-content\/uploads\/2025\/10\/3-1-768x775.jpg 768w, http:\/\/www.santarves.salcininkai.lm.lt\/wp-content\/uploads\/2025\/10\/3-1-1523x1536.jpg 1523w, http:\/\/www.santarves.salcininkai.lm.lt\/wp-content\/uploads\/2025\/10\/3-1.jpg 2030w\" sizes=\"(max-width: 1015px) 100vw, 1015px\" \/><\/a><figcaption class=\"wp-element-caption\">2024-2025 m.m. <\/figcaption><\/figure>\n\n\n\n<figure class=\"wp-block-image size-large\"><a href=\"http:\/\/www.santarves.salcininkai.lm.lt\/wp-content\/uploads\/2025\/10\/4-1.jpg\"><img decoding=\"async\" loading=\"lazy\" width=\"1024\" height=\"683\" data-id=\"7736\"  src=\"http:\/\/www.santarves.salcininkai.lm.lt\/wp-content\/uploads\/2025\/10\/4-1-1024x683.jpg\" alt=\"\" class=\"wp-image-7736\" srcset=\"http:\/\/www.santarves.salcininkai.lm.lt\/wp-content\/uploads\/2025\/10\/4-1-1024x683.jpg 1024w, http:\/\/www.santarves.salcininkai.lm.lt\/wp-content\/uploads\/2025\/10\/4-1-300x200.jpg 300w, http:\/\/www.santarves.salcininkai.lm.lt\/wp-content\/uploads\/2025\/10\/4-1-768x512.jpg 768w, http:\/\/www.santarves.salcininkai.lm.lt\/wp-content\/uploads\/2025\/10\/4-1-1536x1024.jpg 1536w, http:\/\/www.santarves.salcininkai.lm.lt\/wp-content\/uploads\/2025\/10\/4-1.jpg 2048w\" sizes=\"(max-width: 1024px) 100vw, 1024px\" \/><\/a><figcaption class=\"wp-element-caption\">2024-2025 m.m.<\/figcaption><\/figure>\n<\/figure>\n","protected":false},"excerpt":{"rendered":"<p>\u0160al\u010dinink\u0173 \u201eSantarv\u0117s\u201c gimnazija \u2013 vienintel\u0117 gimnazija rajone, kurioje ugdymas vyksta rus\u0173 tautin\u0117s ma\u017eumos kalba. Tai gimnazija teikianti pradin\u012f, pagrindin\u012f ir vidurin\u012f i\u0161silavinim\u0105, joje veikia ikimokyklinio ir prie\u0161mokyklinio ugdymo grup\u0117s. Be to, gimnazijoje yra suaugusi\u0173j\u0173 klas\u0117s, kur kiekvienas gali \u012fgyti vidurin\u012f i\u0161silavinim\u0105. Anks\u010diau vadinta \u0160al\u010dinink\u0173 2-oji vidurin\u0117 mokykla pastatyta 1983 m. Joje ugdymas vyko lietuvi\u0173 ir [&hellip;]<\/p>\n","protected":false},"author":1,"featured_media":0,"parent":10,"menu_order":1,"comment_status":"closed","ping_status":"closed","template":"","meta":{"ngg_post_thumbnail":0},"_links":{"self":[{"href":"http:\/\/www.santarves.salcininkai.lm.lt\/index.php?rest_route=\/wp\/v2\/pages\/12"}],"collection":[{"href":"http:\/\/www.santarves.salcininkai.lm.lt\/index.php?rest_route=\/wp\/v2\/pages"}],"about":[{"href":"http:\/\/www.santarves.salcininkai.lm.lt\/index.php?rest_route=\/wp\/v2\/types\/page"}],"author":[{"embeddable":true,"href":"http:\/\/www.santarves.salcininkai.lm.lt\/index.php?rest_route=\/wp\/v2\/users\/1"}],"replies":[{"embeddable":true,"href":"http:\/\/www.santarves.salcininkai.lm.lt\/index.php?rest_route=%2Fwp%2Fv2%2Fcomments&post=12"}],"version-history":[{"count":19,"href":"http:\/\/www.santarves.salcininkai.lm.lt\/index.php?rest_route=\/wp\/v2\/pages\/12\/revisions"}],"predecessor-version":[{"id":7740,"href":"http:\/\/www.santarves.salcininkai.lm.lt\/index.php?rest_route=\/wp\/v2\/pages\/12\/revisions\/7740"}],"up":[{"embeddable":true,"href":"http:\/\/www.santarves.salcininkai.lm.lt\/index.php?rest_route=\/wp\/v2\/pages\/10"}],"wp:attachment":[{"href":"http:\/\/www.santarves.salcininkai.lm.lt\/index.php?rest_route=%2Fwp%2Fv2%2Fmedia&parent=12"}],"curies":[{"name":"wp","href":"https:\/\/api.w.org\/{rel}","templated":true}]}}