{"id":1387,"date":"2014-11-04T09:50:35","date_gmt":"2014-11-04T07:50:35","guid":{"rendered":"http:\/\/www.santarves.salcininkai.lm.lt\/?page_id=1387"},"modified":"2025-10-15T13:35:31","modified_gmt":"2025-10-15T11:35:31","slug":"sveikatos-prieziura","status":"publish","type":"page","link":"http:\/\/www.santarves.salcininkai.lm.lt\/?page_id=1387","title":{"rendered":"Sveikatos prie\u017ei\u016bra"},"content":{"rendered":"<p style=\"text-align: right;\"><em><span style=\"font-size: 10px;\"><span style=\"font-family: times new roman,times,serif;\">Informacija atnaujinta 2025-10-15<\/span><\/span><\/em><\/p>\n<p class=\"MsoNormal\" style=\"margin-bottom: .0001pt; line-height: normal;\">&nbsp;<\/p>\n<p><span style=\"font-size: 12.0pt; font-family: 'Times New Roman','serif';\">Mokyklos sveikatos prie\u017ei\u016bros specialist\u0117 <b style=\"mso-bidi-font-weight: normal;\">NINA \u0160ILKIEN\u0116<\/b><\/span><\/p>\n<p class=\"MsoNormal\" style=\"margin-bottom: .0001pt; line-height: normal;\"><span style=\"font-size: 12.0pt; font-family: 'Times New Roman','serif';\">Sveikatos prie\u017ei\u016bros specialist\u0117 dirba:<\/span><span style=\"font-size: 12.0pt; font-family: 'Times New Roman','serif';\"> tre\u010diadien\u012f <span style=\"mso-spacerun: yes;\">&nbsp;<\/span>nuo 8.00 iki 15.00<\/span><\/p>\n<p class=\"MsoNormal\" style=\"margin-bottom: .0001pt; line-height: normal;\">&nbsp;<\/p>\n<p><a href=\"http:\/\/www.santarves.salcininkai.lm.lt\/wp-content\/uploads\/2025\/10\/Sveikatos-prieziuros-planas-2025-2026.pdf\">Sveikatos prie\u017ei\u016bros specialist\u0117s veiklos planas 2025-2026 m.m.<\/a><\/p>\n<p class=\"MsoNormal\" style=\"margin-bottom: .0001pt; text-align: justify; line-height: normal;\"><b style=\"mso-bidi-font-weight: normal;\"><span style=\"font-size: 12.0pt; font-family: 'Times New Roman','serif';\">Tikslas:<\/span><\/b><\/p>\n<ul>\n<li><span style=\"font-size: 12.0pt; font-family: 'Times New Roman','serif';\">Pad\u0117ti mokiniams saugoti ir stiprinti sveikat\u0105, organizuojant ir \u012fgyvendinant priemones, susijusias su lig\u0173 ir traum\u0173 profilaktika.<\/span><\/li>\n<li><span style=\"font-size: 12.0pt; font-family: 'Times New Roman','serif';\">Propaguoti ir ugdyti sveik\u0105 gyvensen\u0105, kaip gyvenimo b\u016bd\u0105.<\/span><\/li>\n<\/ul>\n<p class=\"MsoNormal\" style=\"margin-bottom: .0001pt; text-align: justify; line-height: normal;\"><b style=\"mso-bidi-font-weight: normal;\"><span style=\"font-size: 12.0pt; font-family: 'Times New Roman','serif';\">U\u017edaviniai:<\/span><\/b><\/p>\n<ul>\n<li><span style=\"font-size: 12.0pt; font-family: 'Times New Roman','serif';\">Gerinti sveikatos kokyb\u0119, kuriant sveik\u0105 aplink\u0105 mokykloje, \u0161alinant rizikos veiksnius, galin\u010dius sukelti ligas.<\/span><\/li>\n<li><span style=\"font-size: 12.0pt; font-family: 'Times New Roman','serif';\">Formuoti teising\u0105 mokini\u0173 po\u017ei\u016br\u012f \u012f savo sveikat\u0105 ir ugdyti sveikos gyvensenos \u012fg\u016bd\u017eius.<\/span><\/li>\n<li><span style=\"font-size: 12.0pt; font-family: 'Times New Roman','serif';\">Suteikti pirm\u0105j\u0105 pagalb\u0105 pavojing\u0173 b\u016bkli\u0173, traum\u0173, nelaiming\u0173 atsitikim\u0173 ar apsinuodijim\u0173 atvejais.<\/span><\/li>\n<\/ul>\n","protected":false},"excerpt":{"rendered":"<p>Informacija atnaujinta 2025-10-15 &nbsp; Mokyklos sveikatos prie\u017ei\u016bros specialist\u0117 NINA \u0160ILKIEN\u0116 Sveikatos prie\u017ei\u016bros specialist\u0117 dirba: tre\u010diadien\u012f &nbsp;nuo 8.00 iki 15.00 &nbsp; Sveikatos prie\u017ei\u016bros specialist\u0117s veiklos planas 2025-2026 m.m. Tikslas: Pad\u0117ti mokiniams saugoti ir stiprinti sveikat\u0105, organizuojant ir \u012fgyvendinant priemones, susijusias su lig\u0173 ir traum\u0173 profilaktika. Propaguoti ir ugdyti sveik\u0105 gyvensen\u0105, kaip gyvenimo b\u016bd\u0105. U\u017edaviniai: Gerinti sveikatos [&hellip;]<\/p>\n","protected":false},"author":1,"featured_media":0,"parent":1705,"menu_order":2,"comment_status":"open","ping_status":"open","template":"","meta":{"ngg_post_thumbnail":0},"_links":{"self":[{"href":"http:\/\/www.santarves.salcininkai.lm.lt\/index.php?rest_route=\/wp\/v2\/pages\/1387"}],"collection":[{"href":"http:\/\/www.santarves.salcininkai.lm.lt\/index.php?rest_route=\/wp\/v2\/pages"}],"about":[{"href":"http:\/\/www.santarves.salcininkai.lm.lt\/index.php?rest_route=\/wp\/v2\/types\/page"}],"author":[{"embeddable":true,"href":"http:\/\/www.santarves.salcininkai.lm.lt\/index.php?rest_route=\/wp\/v2\/users\/1"}],"replies":[{"embeddable":true,"href":"http:\/\/www.santarves.salcininkai.lm.lt\/index.php?rest_route=%2Fwp%2Fv2%2Fcomments&post=1387"}],"version-history":[{"count":23,"href":"http:\/\/www.santarves.salcininkai.lm.lt\/index.php?rest_route=\/wp\/v2\/pages\/1387\/revisions"}],"predecessor-version":[{"id":7622,"href":"http:\/\/www.santarves.salcininkai.lm.lt\/index.php?rest_route=\/wp\/v2\/pages\/1387\/revisions\/7622"}],"up":[{"embeddable":true,"href":"http:\/\/www.santarves.salcininkai.lm.lt\/index.php?rest_route=\/wp\/v2\/pages\/1705"}],"wp:attachment":[{"href":"http:\/\/www.santarves.salcininkai.lm.lt\/index.php?rest_route=%2Fwp%2Fv2%2Fmedia&parent=1387"}],"curies":[{"name":"wp","href":"https:\/\/api.w.org\/{rel}","templated":true}]}}