{"id":15,"date":"2011-03-27T18:54:37","date_gmt":"2011-03-27T18:54:37","guid":{"rendered":"http:\/\/www.santarves.salcininkai.lm.lt\/?page_id=15"},"modified":"2016-12-01T08:38:37","modified_gmt":"2016-12-01T06:38:37","slug":"vizija-misija","status":"publish","type":"page","link":"http:\/\/www.santarves.salcininkai.lm.lt\/?page_id=15","title":{"rendered":"Vizija, misija"},"content":{"rendered":"<p class=\"MsoNormal\" style=\"margin: 0cm 0cm 0pt; text-align: center;\">\n\t<b style=\"mso-bidi-font-weight: normal\"><span style=\"font-size: 16pt; text-shadow: auto; mso-ansi-language: lt; mso-fareast-font-family: batang\"><font face=\"Times New Roman\"><font color=\"#000000\">VIZIJA<o:p><\/o:p><\/font><\/font><\/span><\/b>\n<\/p>\n<p class=\"MsoNormal\" style=\"text-align: justify; line-height: 150%; margin: 0cm 0cm 0pt 17.85pt\">\n\t<span style=\"mso-ansi-language: lt\"><o:p><font color=\"#000000\" face=\"Times New Roman\" size=\"3\">&nbsp;<\/font><\/o:p><\/span>\n<\/p>\n<p style=\"margin: 0cm 0cm 0pt; text-align: justify; line-height: 150%; text-indent: 36pt;\">\n\t<font color=\"#000000\" face=\"Times New Roman\" size=\"3\">&Scaron;al\u010dinink\u0173 &bdquo;Santarv\u0117s&ldquo; gimnazija &ndash; tai bendrojo lavinimo mokykla, teikianti prie&scaron;mokyklin\u012f ugdym\u0105, pradin\u012f, pagrindin\u012f, vidurin\u012f i&scaron;silavinim\u0105, ugdanti doroving\u0105 Lietuvos piliet\u012f. Mokiniams sudarytos s\u0105lygos \u012fgyti kokybi&scaron;k\u0105 i&scaron;silavinim\u0105, tapti paj\u0117giam pasirinkti tolesn\u0119 mokymosi krypt\u012f.<\/font>\n<\/p>\n<p style=\"margin: 0cm 0cm 0pt; text-align: justify; line-height: 150%; text-indent: 36pt;\">\n\t<font color=\"#000000\" face=\"Times New Roman\" size=\"3\">Gimnazijoje kuriamas geras mikroklimatas, grind\u017eiamas tolerancija, pagarba vienas kitam. <\/font>\n<\/p>\n<p style=\"margin: 0cm 0cm 0pt; text-align: justify; line-height: 150%; text-indent: 36pt;\">\n\t&nbsp;\n<\/p>\n<p style=\"margin: 0cm 0cm 0pt; text-align: center; line-height: 150%; text-indent: 36pt;\">\n\t<font color=\"#000000\"><font face=\"Times New Roman\"><span style=\"mso-ansi-language: lt\"><font size=\"3\"><span style=\"mso-spacerun: yes\"><b style=\"mso-bidi-font-weight: normal\"><span style=\"font-size: 16pt; text-shadow: auto; mso-ansi-language: lt\">MISIJA<o:p><\/o:p><\/span><\/b><\/span><\/font><\/span><\/font><\/font>\n<\/p>\n<p class=\"MsoNormal\" style=\"margin: 0cm 0cm 0pt\">\n\t<font color=\"#000000\"><font face=\"Times New Roman\"><span style=\"mso-ansi-language: lt\"><font size=\"3\"><span style=\"mso-spacerun: yes\"><span style=\"font-size: 14pt; mso-ansi-language: lt\"><o:p>&nbsp;&nbsp;&nbsp;&nbsp;&nbsp;&nbsp;&nbsp;&nbsp;&nbsp; <\/o:p><\/span><\/span><\/font><\/span><\/font><\/font><font color=\"#000000\" face=\"Times New Roman\" size=\"3\">&Scaron;al\u010dinink\u0173 &bdquo;Santarv\u0117s&ldquo; gimnazija teikia prie&scaron;mokyklin\u012f ugdym\u0105, pradin\u012f, pagrindin\u012f, vidurin\u012f, suaugusi\u0173j\u0173 vidurin\u012f i&scaron;silavinim\u0105 gimt\u0105ja (rus\u0173) kalba &Scaron;al\u010dinink\u0173 miesto ir aplinkini\u0173 kaim\u0173 vaikams. Gimnazija yra kiekvienam prieinama, atvira &scaron;vietimo naujov\u0117ms, mokini\u0173 t\u0117vams, visuomenei. Visiems mokiniams garantuojanti ugdymo kokyb\u0119 ir efektyvum\u0105, parengianti vaik\u0105 socialiai saugiam gyvenimui spar\u010dios kaitos ir konkurencingo, \u017einiomis gr\u012fsto \u016bkio s\u0105lygomis, ple\u010dianti kult\u016brin\u012f akirat\u012f.<\/font>\n<\/p>\n<p class=\"MsoNormal\" style=\"margin: 0cm 0cm 0pt\">\n\t<font color=\"#000000\"><font face=\"Times New Roman\"><span style=\"mso-ansi-language: lt\"><font size=\"3\"><span style=\"mso-spacerun: yes\"><span style=\"font-size: 14pt; mso-ansi-language: lt\"><o:p><\/o:p><\/span><\/span><\/font><\/span><\/font><\/font><o:p><\/o:p>\n<\/p>\n<p>\n\t<o:p><\/o:p>\n<\/p>\n<p class=\"MsoNormal\" style=\"text-align: justify; text-indent: 36pt; margin: 0cm 0cm 0pt\">\n\t<font color=\"#000000\"><font face=\"Times New Roman\"><span style=\"mso-ansi-language: lt\"><font size=\"3\"><span style=\"mso-spacerun: yes\"><span style=\"font-size: 14pt; mso-ansi-language: lt\"><span style=\"mso-ansi-language: lt\"><font size=\"3\"><font face=\"\"><o:p><\/o:p><\/font><\/font><\/span><\/span><\/span><\/font><\/span><\/font><\/font>\n<\/p>\n<p class=\"MsoNormal\" style=\"margin: 0cm 0cm 0pt\">\n\t&nbsp;\n<\/p>\n<p>\n\t&nbsp;\n<\/p>\n<p>\n\t&nbsp;<\/p>\n","protected":false},"excerpt":{"rendered":"<p>VIZIJA &nbsp; &Scaron;al\u010dinink\u0173 &bdquo;Santarv\u0117s&ldquo; gimnazija &ndash; tai bendrojo lavinimo mokykla, teikianti prie&scaron;mokyklin\u012f ugdym\u0105, pradin\u012f, pagrindin\u012f, vidurin\u012f i&scaron;silavinim\u0105, ugdanti doroving\u0105 Lietuvos piliet\u012f. Mokiniams sudarytos s\u0105lygos \u012fgyti kokybi&scaron;k\u0105 i&scaron;silavinim\u0105, tapti paj\u0117giam pasirinkti tolesn\u0119 mokymosi krypt\u012f. Gimnazijoje kuriamas geras mikroklimatas, grind\u017eiamas tolerancija, pagarba vienas kitam. &nbsp; MISIJA &nbsp;&nbsp;&nbsp;&nbsp;&nbsp;&nbsp;&nbsp;&nbsp;&nbsp; &Scaron;al\u010dinink\u0173 &bdquo;Santarv\u0117s&ldquo; gimnazija teikia prie&scaron;mokyklin\u012f ugdym\u0105, pradin\u012f, pagrindin\u012f, vidurin\u012f, suaugusi\u0173j\u0173 [&hellip;]<\/p>\n","protected":false},"author":1,"featured_media":0,"parent":10,"menu_order":2,"comment_status":"open","ping_status":"open","template":"","meta":{"ngg_post_thumbnail":0},"_links":{"self":[{"href":"http:\/\/www.santarves.salcininkai.lm.lt\/index.php?rest_route=\/wp\/v2\/pages\/15"}],"collection":[{"href":"http:\/\/www.santarves.salcininkai.lm.lt\/index.php?rest_route=\/wp\/v2\/pages"}],"about":[{"href":"http:\/\/www.santarves.salcininkai.lm.lt\/index.php?rest_route=\/wp\/v2\/types\/page"}],"author":[{"embeddable":true,"href":"http:\/\/www.santarves.salcininkai.lm.lt\/index.php?rest_route=\/wp\/v2\/users\/1"}],"replies":[{"embeddable":true,"href":"http:\/\/www.santarves.salcininkai.lm.lt\/index.php?rest_route=%2Fwp%2Fv2%2Fcomments&post=15"}],"version-history":[{"count":5,"href":"http:\/\/www.santarves.salcininkai.lm.lt\/index.php?rest_route=\/wp\/v2\/pages\/15\/revisions"}],"predecessor-version":[{"id":2571,"href":"http:\/\/www.santarves.salcininkai.lm.lt\/index.php?rest_route=\/wp\/v2\/pages\/15\/revisions\/2571"}],"up":[{"embeddable":true,"href":"http:\/\/www.santarves.salcininkai.lm.lt\/index.php?rest_route=\/wp\/v2\/pages\/10"}],"wp:attachment":[{"href":"http:\/\/www.santarves.salcininkai.lm.lt\/index.php?rest_route=%2Fwp%2Fv2%2Fmedia&parent=15"}],"curies":[{"name":"wp","href":"https:\/\/api.w.org\/{rel}","templated":true}]}}