{"id":1722,"date":"2015-05-13T17:15:37","date_gmt":"2015-05-13T15:15:37","guid":{"rendered":"http:\/\/www.santarves.salcininkai.lm.lt\/?page_id=1722"},"modified":"2019-10-15T15:00:45","modified_gmt":"2019-10-15T13:00:45","slug":"socialine-parama-mokiniams","status":"publish","type":"page","link":"http:\/\/www.santarves.salcininkai.lm.lt\/?page_id=1722","title":{"rendered":"Socialin\u0117 parama mokiniams"},"content":{"rendered":"<p style=\"text-align: justify;\">\n\tParama skiriama vadovaujantis 2006 m. bir\u017eelio 13 d. Lietuvos Respublikos socialin\u0117s paramos mokiniams \u012fstatym\u0173 Nr. X-686 (<b><i>Nauja redakcija nuo 2019-01-01:<\/i><\/b> <i>Nr. <a href=\"https:\/\/www.e-tar.lt\/portal\/legalAct.html?documentId=827f8030fd3811e8a969c20aa4d38bd4\" target=\"_parent\">XIII-1690<\/a>, 2018-12-04, paskelbta TAR 2018-12-11<\/i>) ir remiantis &Scaron;al\u010dinink\u0173 rajono savivaldyb\u0117s tarybos 2019 m. kovo 27 d. sprendimu Nr. T-1301 ,,D\u0117l Socialin\u0117s paramos mokiniams organizavimo, paramos mokinio reikmenims \u012fsigyti ir mokini\u0173 nemokamo maitinimo &Scaron;al\u010dinink\u0173 rajono mokyklose skyrimo tvarkos apra&scaron;o patvirtinimo&quot;.\n<\/p>\n<p>\n\t<strong>Nustatomos &scaron;ios socialin\u0117s paramos mokiniams r\u016b&scaron;ys:&nbsp;<\/strong><br \/>\n\t1. mokini\u0173 nemokamas maitinimas (piet\u016bs ir maitinimas mokyklose organizuojamose dienin\u0117se vasaros poilsio stovyklose);&nbsp;<br \/>\n\t2. parama mokinio reikmenims \u012fsigyti.\n<\/p>\n<p>\n\tDaugiau informacijos <a href=\"http:\/\/www.salcininkai.lt\/go.php\/lit\/SOCIALINE-PARAMA-MOKINIAMS\/324\">&Scaron;al\u010dinink\u0173 rajono savivaldyb\u0117s svetain\u0117je<\/a><\/p>\n","protected":false},"excerpt":{"rendered":"<p>Parama skiriama vadovaujantis 2006 m. bir\u017eelio 13 d. Lietuvos Respublikos socialin\u0117s paramos mokiniams \u012fstatym\u0173 Nr. X-686 (Nauja redakcija nuo 2019-01-01: Nr. XIII-1690, 2018-12-04, paskelbta TAR 2018-12-11) ir remiantis &Scaron;al\u010dinink\u0173 rajono savivaldyb\u0117s tarybos 2019 m. kovo 27 d. sprendimu Nr. T-1301 ,,D\u0117l Socialin\u0117s paramos mokiniams organizavimo, paramos mokinio reikmenims \u012fsigyti ir mokini\u0173 nemokamo maitinimo &Scaron;al\u010dinink\u0173 rajono [&hellip;]<\/p>\n","protected":false},"author":1,"featured_media":0,"parent":1715,"menu_order":2,"comment_status":"closed","ping_status":"closed","template":"","meta":{"ngg_post_thumbnail":0},"_links":{"self":[{"href":"http:\/\/www.santarves.salcininkai.lm.lt\/index.php?rest_route=\/wp\/v2\/pages\/1722"}],"collection":[{"href":"http:\/\/www.santarves.salcininkai.lm.lt\/index.php?rest_route=\/wp\/v2\/pages"}],"about":[{"href":"http:\/\/www.santarves.salcininkai.lm.lt\/index.php?rest_route=\/wp\/v2\/types\/page"}],"author":[{"embeddable":true,"href":"http:\/\/www.santarves.salcininkai.lm.lt\/index.php?rest_route=\/wp\/v2\/users\/1"}],"replies":[{"embeddable":true,"href":"http:\/\/www.santarves.salcininkai.lm.lt\/index.php?rest_route=%2Fwp%2Fv2%2Fcomments&post=1722"}],"version-history":[{"count":4,"href":"http:\/\/www.santarves.salcininkai.lm.lt\/index.php?rest_route=\/wp\/v2\/pages\/1722\/revisions"}],"predecessor-version":[{"id":4267,"href":"http:\/\/www.santarves.salcininkai.lm.lt\/index.php?rest_route=\/wp\/v2\/pages\/1722\/revisions\/4267"}],"up":[{"embeddable":true,"href":"http:\/\/www.santarves.salcininkai.lm.lt\/index.php?rest_route=\/wp\/v2\/pages\/1715"}],"wp:attachment":[{"href":"http:\/\/www.santarves.salcininkai.lm.lt\/index.php?rest_route=%2Fwp%2Fv2%2Fmedia&parent=1722"}],"curies":[{"name":"wp","href":"https:\/\/api.w.org\/{rel}","templated":true}]}}