{"id":27,"date":"2011-03-27T19:01:15","date_gmt":"2011-03-27T19:01:15","guid":{"rendered":"http:\/\/www.santarves.salcininkai.lm.lt\/?page_id=27"},"modified":"2026-04-01T22:15:32","modified_gmt":"2026-04-01T20:15:32","slug":"formalusis-ugdymas","status":"publish","type":"page","link":"http:\/\/www.santarves.salcininkai.lm.lt\/?page_id=27","title":{"rendered":"Dokumentai"},"content":{"rendered":"<p style=\"text-align: right;\"><em><span style=\"font-family: times new roman,times,serif;\"><span style=\"font-size: 10px;\">Informacija atnaujinta 2025-12-02<br \/>\n<\/span><\/span><\/em><\/p>\n<p><a href=\"http:\/\/www.santarves.salcininkai.lm.lt\/wp-content\/uploads\/2025\/12\/Nuostatai-patvirtinti-_nuorasas.pdf\">Gimnazijos nuostatai<\/a><\/p>\n<p><a href=\"http:\/\/www.santarves.salcininkai.lm.lt\/wp-content\/uploads\/2026\/04\/gimnazijos-2026-veiklos-programa.pdf\">Veiklos programa 2026 m.&nbsp;<\/a><\/p>\n<p><a href=\"http:\/\/www.santarves.salcininkai.lm.lt\/wp-content\/uploads\/2025\/09\/Salcininku-Santarves-gimnazija_BUP_-2025-2026-m.m..docx\">Gimnazijos pradinio, pagrindinio ir vidurinio ugdymo planas 2025-2026 m.m.<\/a><\/p>\n<p><a href=\"http:\/\/www.santarves.salcininkai.lm.lt\/wp-content\/uploads\/2025\/07\/Ikimokyklinio-ugdymo-programa-2025-2026-patvirtinta.pdf\">Ikimokyklinio ugdymo programa<\/a><\/p>\n<p><a href=\"http:\/\/www.santarves.salcininkai.lm.lt\/wp-content\/uploads\/2025\/02\/Salcininku-Santarves-gimnazijos-2025-2027-m.-.pdf\">Gimnazijos strateginis veiklos planas 2025-2027 m.<\/a><\/p>\n<p><a href=\"http:\/\/www.santarves.salcininkai.lm.lt\/wp-content\/uploads\/2026\/04\/VGK-planas-2025-2026.doc\">Vaiko gerov\u0117s komisijos veiklos programa 2025-2026 m.m.<\/a><\/p>\n<p><a href=\"http:\/\/www.santarves.salcininkai.lm.lt\/wp-content\/uploads\/2025\/10\/Mokiniu-tarybos-planas-2025-2026-m.-m..pdf\">Mokini\u0173 tarybos veiklos planas 2025-2026 m.m.<\/a><\/p>\n<p><a href=\"http:\/\/www.santarves.salcininkai.lm.lt\/wp-content\/uploads\/2026\/04\/MetodineT-Veiklos-planas-2026-4.docx\">Metodin\u0117s tarybos veiklos planas 2026 m.<\/a><\/p>\n<p><a href=\"http:\/\/www.santarves.salcininkai.lm.lt\/wp-content\/uploads\/2026\/04\/Kvalifikacijos-programa-2026.docx\">Mokytoj\u0173 kvalifikacijos k\u0117limo programa 2026 m.<\/a><\/p>\n<p><a href=\"http:\/\/www.santarves.salcininkai.lm.lt\/wp-content\/uploads\/2026\/01\/Vertinimas_pradines_kl_2025-galutinis.pdf\">Pradini\u0173 klasi\u0173 mokini\u0173 vertinimo, individualios pa\u017eangos steb\u0117jimo ir fiksavimo tvarkos apra\u0161as<\/a><\/p>\n<p><a href=\"http:\/\/www.santarves.salcininkai.lm.lt\/wp-content\/uploads\/2026\/01\/5-8-I-IV-kl.-vertinimo-tvarkos-aprasas.pdf\">5-8, I-IV klasi\u0173 mokini\u0173 pa\u017eangos ir pasiekim\u0173 vertinimo tvarkos apra\u0161as<\/a><\/p>\n<p><a href=\"http:\/\/www.santarves.salcininkai.lm.lt\/wp-content\/uploads\/2023\/04\/Lankomumo_apskaitos_ir_nelankymo_prevencijos_aprasas-2019-09-2023-koreguotas_sv.doc\">Mokini\u0173 lankomumo apskaitos ir nelankymo prevencijos apra\u0161as<\/a><\/p>\n<p>Veiklos kokyb\u0117s \u012fsivertinimo darbo grup\u0117s planas 2025-2026 m.m.<\/p>\n<p><a href=\"http:\/\/www.santarves.salcininkai.lm.lt\/wp-content\/uploads\/2019\/10\/E.-dienyno-naudojimo-nuostatai_2019.pdf\">Gimnazijos elektroninio dienyno naudojimo tvarkos apra\u0161as<\/a><\/p>\n<p><a href=\"http:\/\/www.santarves.salcininkai.lm.lt\/wp-content\/uploads\/2020\/11\/Priedas-Nr.-1-Nuotolinio-mokymo-tvarkos-aprasas-Santarves.pdf\">Nuotolinio mokymo organizavimo tvarkos apra\u0161as<\/a><\/p>\n<p><a href=\"http:\/\/www.santarves.salcininkai.lm.lt\/wp-content\/uploads\/2021\/05\/Praradimu-planas-Santarves-2021.pdf\">Mokymosi pagalbos teikimo ir mokymosi praradim\u0173 kompensavimo planas 2021 metams<\/a><\/p>\n<p><a href=\"http:\/\/www.santarves.salcininkai.lm.lt\/wp-content\/uploads\/2026\/01\/DAS-Santarves-2024-02-su-pakeitimais-2026.pdf\">Darbo apmok\u0117jimo sistema<\/a><\/p>\n<p><a href=\"http:\/\/www.santarves.salcininkai.lm.lt\/wp-content\/uploads\/2019\/11\/Nuotolinis-darbas-Santarves.pdf\">Nuotolinio darbo tvarkos apra\u0161as<\/a><\/p>\n<p><a href=\"http:\/\/www.santarves.salcininkai.lm.lt\/wp-content\/uploads\/2020\/12\/Asmens-duomenu-apsauga.pdf\">Darbuotoj\u0173 asmens duomen\u0173 saugojimo politika<\/a><\/p>\n<p><span style=\"font-size: 11.5pt;\"><a href=\"http:\/\/www.santarves.salcininkai.lm.lt\/wp-content\/uploads\/2025\/03\/IKT-naudojimo-bei-darbuotoju-stebesenos-ir-kontroles-darbo-vietoje-tvarkos-aprasas-Santarves.docx\">IKT naudojimo bei darbuotoj\u0173 steb\u0117senos ir kontrol\u0117s darbo vietoje tvarkos apra\u0161as<\/a><\/span><\/p>\n<p class=\"Default\" style=\"text-align: left;\" align=\"center\"><a href=\"http:\/\/www.santarves.salcininkai.lm.lt\/wp-content\/uploads\/2020\/12\/Lygiu-galimybiu-politika.pdf\">Lygi\u0173 galimybi\u0173 politika ir jos \u012fgyvendinimo tvarka<\/a><\/p>\n<p style=\"text-align: left;\" align=\"center\"><a href=\"http:\/\/www.santarves.salcininkai.lm.lt\/wp-content\/uploads\/2023\/11\/Salcininku-Santarves-gimnazijos-pedagogu-etikos-kodeksas-patvirtintas.doc\">Pedagog\u0173 etikos kodeksas<\/a><\/p>\n<p><a href=\"http:\/\/www.santarves.salcininkai.lm.lt\/wp-content\/uploads\/2024\/01\/Telefonu-naudojimo-taisykles.docx\">Naudojimosi mobiliaisiais telefonais ir &nbsp;i\u0161maniais \u012frenginiais taisykl\u0117s<\/a><\/p>\n<p><a href=\"http:\/\/www.santarves.salcininkai.lm.lt\/wp-content\/uploads\/2025\/09\/Mokymosi-pagalbos-teikimo-tvarka.pdf\">MOKYMOSI PAGALBOS TEIKIMO \u0160AL\u010cININK\u0172 RAJONO SAVIVALDYB\u0116S MOKYKL\u0172 MOKINIAMS, NEPASIEKUSIEMS PATENKINAMO PASIEKIM\u0172 LYGMENS PASIEKIM\u0172 PATIKRINIMUOSE, TVARKOS APRA\u0160AS<\/a><\/p>\n<p style=\"text-align: left;\" align=\"center\">&nbsp;<\/p>\n<p style=\"text-align: center;\">&#8212;&#8212;&#8212;&#8212;&#8212;&#8212;&#8212;&#8212;&#8212;&#8212;&#8212;&#8212;&#8212;&#8212;&#8212;&#8212;&#8212;&#8212;&#8212;&#8212;&#8212;&#8212;&#8212;&#8212;&#8212;-<\/p>\n<p><strong>M\u0116NESIO VEIKLOS PLANAI 2025-2026 m.m.<\/strong><\/p>\n<p><a href=\"http:\/\/www.santarves.salcininkai.lm.lt\/wp-content\/uploads\/2026\/03\/2025-2026-m.m.-kovas.pdf\">2026 m. kovo m\u0117n.<\/a><\/p>\n<p><a href=\"http:\/\/www.santarves.salcininkai.lm.lt\/wp-content\/uploads\/2026\/02\/2025-2026-m.m.-vasaris1.pdf\">2026 m. vasario m\u0117n.<\/a><\/p>\n<p><a href=\"http:\/\/www.santarves.salcininkai.lm.lt\/wp-content\/uploads\/2026\/01\/2025-2026-m.m.-sausis.pdf\">2026 m. sausio m\u0117n.<\/a><\/p>\n<p><a href=\"http:\/\/www.santarves.salcininkai.lm.lt\/wp-content\/uploads\/2025\/12\/2025-2026-m.m.-gruodis.pdf\">2025 m. gruod\u017eio m\u0117n.<\/a><\/p>\n<p><a href=\"http:\/\/www.santarves.salcininkai.lm.lt\/wp-content\/uploads\/2025\/11\/2025-2026-m.m-lapkritis.pdf\">2025 m. lapkri\u010dio m\u0117n.<\/a><\/p>\n<p><a href=\"http:\/\/www.santarves.salcininkai.lm.lt\/wp-content\/uploads\/2025\/10\/2025-2026-m.m-spalis.pdf\">2025 m. spalio m\u0117n.&nbsp;<\/a><\/p>\n<p><a href=\"http:\/\/www.santarves.salcininkai.lm.lt\/wp-content\/uploads\/2025\/09\/2025-2026-m.m-rugsejis.pdf\">2025 m. rugs\u0117jo m\u0117n.&nbsp;<\/a><\/p>\n<p><strong>M\u0116NESIO VEIKLOS PLANAI 2024-2025 m.m.<\/strong><\/p>\n<p>2025 m. bir\u017eelio m\u0117n.&nbsp;<\/p>\n<p>2025 m. gegu\u017e\u0117s m\u0117n.&nbsp;<\/p>\n<p>2025 m. baland\u017eio m\u0117n.<\/p>\n<p><a href=\"http:\/\/www.santarves.salcininkai.lm.lt\/wp-content\/uploads\/2025\/03\/2024-2025-m.m.-kovas.pdf\">2025 m. kovo m\u0117n.<\/a><\/p>\n<p><a href=\"http:\/\/www.santarves.salcininkai.lm.lt\/wp-content\/uploads\/2025\/02\/2024-2025-m.m.-vasaris.pdf\">2025 m. vasario m\u0117n.&nbsp;<\/a><\/p>\n<p><a href=\"http:\/\/www.santarves.salcininkai.lm.lt\/wp-content\/uploads\/2025\/01\/2024-2025-m.m.-sausis.pdf\">2025 m. sausio m\u0117n.&nbsp;<\/a><\/p>\n<p><a href=\"http:\/\/www.santarves.salcininkai.lm.lt\/wp-content\/uploads\/2025\/01\/2024-2025-m.m.-gruodis-1.docx\">2024 m. gruod\u017eio m\u0117n.<\/a><\/p>\n<p><a href=\"http:\/\/www.santarves.salcininkai.lm.lt\/wp-content\/uploads\/2024\/11\/2024-2025-m.m-lapkritis-1.pdf\">2024 m. lapkri\u010dio m\u0117n.&nbsp;<\/a><\/p>\n<p>2024 m. spalio m\u0117n.&nbsp;<\/p>\n<p>2024 m. rugs\u0117jo m\u0117n.&nbsp;<\/p>\n<p><strong>M\u0116NESIO VEIKLOS PLANAI 2023-2024 m.m.<\/strong><\/p>\n<p><a href=\"http:\/\/www.santarves.salcininkai.lm.lt\/wp-content\/uploads\/2024\/05\/2023-2024-m.m.-geguze.pdf\">2024 m. gegu\u017e\u0117s m\u0117n.<\/a><\/p>\n<p>2024 m. baland\u017eio m\u0117n.&nbsp;<\/p>\n<p>2024 m. kovo m\u0117n.&nbsp;<\/p>\n<p>2024 . vasario m\u0117n.<\/p>\n<p><a href=\"http:\/\/www.santarves.salcininkai.lm.lt\/wp-content\/uploads\/2024\/01\/2023-2024-m.m.-sausis.pdf\">2024 m. sausio m\u0117n.<\/a><\/p>\n<p><a href=\"http:\/\/www.santarves.salcininkai.lm.lt\/wp-content\/uploads\/2023\/12\/2023-2024-m.m.-gruodis2.pdf\">2023 m. gruod\u017eio m\u0117n.<\/a><\/p>\n<p><a href=\"http:\/\/www.santarves.salcininkai.lm.lt\/wp-content\/uploads\/2023\/10\/2023-2024-m.m-spalis1.pdf\">2023 m. spalio m\u0117n.<\/a><\/p>\n<p><strong>M\u0116NESIO VEIKLOS PLANAI 2022-2023 m.m.<\/strong><\/p>\n<p><a href=\"http:\/\/www.santarves.salcininkai.lm.lt\/wp-content\/uploads\/2023\/05\/2022-2023-m.m.-geguze1.pdf\">2023 m. gegu\u017e\u0117s m\u0117n.<\/a><\/p>\n<p><a href=\"http:\/\/www.santarves.salcininkai.lm.lt\/wp-content\/uploads\/2023\/04\/2022-2023-m.m.-balandis.docx\">2023 m. baland\u017eio m\u0117n.<\/a><\/p>\n<p><a href=\"http:\/\/www.santarves.salcininkai.lm.lt\/wp-content\/uploads\/2023\/03\/2022-2023-m.m.-kovas.pdf\">2023 m. kovo m\u0117n.<\/a><\/p>\n<p><a href=\"http:\/\/www.santarves.salcininkai.lm.lt\/wp-content\/uploads\/2023\/02\/2022-2023-m.m.-vasaris.pdf\">2023 m. vasario m\u0117n.&nbsp;<\/a><\/p>\n<p><a href=\"http:\/\/www.santarves.salcininkai.lm.lt\/wp-content\/uploads\/2023\/01\/2023-m.-sausio-men.-.pdf\">2023 m. sausio m\u0117n.&nbsp;<\/a><\/p>\n<p><a href=\"http:\/\/www.santarves.salcininkai.lm.lt\/wp-content\/uploads\/2022\/12\/2022-2023-m.m.-gruodis1.pdf\">2022 m. gruod\u017eio m\u0117n.<\/a><\/p>\n<p><a href=\"http:\/\/www.santarves.salcininkai.lm.lt\/wp-content\/uploads\/2022\/12\/2022-2023-m.m-lapkritis2.pdf\">2022 m. lapkri\u010dio m\u0117n.<\/a><\/p>\n<p><a href=\"http:\/\/www.santarves.salcininkai.lm.lt\/wp-content\/uploads\/2022\/10\/2022-2023-m.m-spalis1.pdf\">2022 m. spalio m\u0117n.<\/a><\/p>\n<p><strong>M\u0116NESIO VEIKLOS PLANAI 2021-2022 m.m.<\/strong><\/p>\n<p><a href=\"http:\/\/www.santarves.salcininkai.lm.lt\/wp-content\/uploads\/2022\/05\/2021-2022-m.m.-geguze1.pdf\">2022 m. gegu\u017e\u0117s m\u0117n.<\/a><\/p>\n<p><a href=\"http:\/\/www.santarves.salcininkai.lm.lt\/wp-content\/uploads\/2022\/04\/2021-2022-m.m.-balandis.pdf\">2022 m. baland\u017eio m\u0117n.<\/a><\/p>\n<p><a href=\"http:\/\/www.santarves.salcininkai.lm.lt\/wp-content\/uploads\/2022\/03\/2021-2022-m.m.-kovas.pdf\">2022 m. kovo m\u0117n.<\/a><\/p>\n<p><a href=\"http:\/\/www.santarves.salcininkai.lm.lt\/wp-content\/uploads\/2022\/02\/2021-2022-m.m.-vasaris.pdf\">2022 m. vasario m\u0117n.<\/a><\/p>\n<p><a href=\"http:\/\/www.santarves.salcininkai.lm.lt\/wp-content\/uploads\/2022\/01\/2021-2022-m.m.-sausis-1.pdf\">2022 m. sausio m\u0117n.<\/a><\/p>\n<p><a href=\"http:\/\/www.santarves.salcininkai.lm.lt\/wp-content\/uploads\/2021\/12\/2021-2022-m.m.-gruodis.pdf\">2021 m. gruod\u017eio m\u0117n.<\/a><\/p>\n<p><a href=\"http:\/\/www.santarves.salcininkai.lm.lt\/wp-content\/uploads\/2021\/11\/2021-2022-m.m-lapkritis.pdf\">2021 m. lapkri\u010dio m\u0117n.<\/a><\/p>\n<p><a href=\"http:\/\/www.santarves.salcininkai.lm.lt\/wp-content\/uploads\/2021\/10\/2021-2022-m.m-spalis.pdf\">2021 m. spalio m\u0117n.<\/a><\/p>\n<p><strong>M\u0116NESIO VEIKLOS PLANAI 2020-2021 m.m.<\/strong><\/p>\n<p><a href=\"http:\/\/www.santarves.salcininkai.lm.lt\/wp-content\/uploads\/2021\/04\/2020-2021-m.m.-balandis.pdf\">2021 m. baland\u017eio m\u0117n.<\/a><\/p>\n<p><a href=\"http:\/\/www.santarves.salcininkai.lm.lt\/wp-content\/uploads\/2021\/03\/2020-2021-m.m.-kovas.pdf\">2021 m. kovo m\u0117n.<\/a><\/p>\n<p><a href=\"http:\/\/www.santarves.salcininkai.lm.lt\/wp-content\/uploads\/2021\/02\/2020-2021-m.m.-vasaris.pdf\">2021 m. vasario m\u0117n.<\/a><\/p>\n<p><a href=\"http:\/\/www.santarves.salcininkai.lm.lt\/wp-content\/uploads\/2021\/01\/2020-2021-m.m.-sausis-2.pdf\">2021 m. sausio m\u0117n.<\/a><\/p>\n<p><a href=\"http:\/\/www.santarves.salcininkai.lm.lt\/wp-content\/uploads\/2020\/12\/2020-2021-m.m.-gruodis.pdf\">2020 m. gruod\u017eio m\u0117n.<\/a><\/p>\n<p><a href=\"http:\/\/www.santarves.salcininkai.lm.lt\/wp-content\/uploads\/2020\/11\/2020-2021-m.m-lapkritis.pdf\">2020 m. lapkri\u010dio m\u0117n.<\/a><\/p>\n<p><a href=\"http:\/\/www.santarves.salcininkai.lm.lt\/wp-content\/uploads\/2020\/10\/2020-2021-m.m-spalis.pdf\">2020 m. spalio m\u0117n.<\/a><\/p>\n<p><a href=\"http:\/\/www.santarves.salcininkai.lm.lt\/wp-content\/uploads\/2020\/09\/2020-2021-m.m-rugs\u0117jis.pdf\">2020 m. rugs\u0117jo m\u0117n.<\/a><\/p>\n<p>&nbsp;<\/p>\n<p>&nbsp;<\/p>\n<p>&nbsp;<\/p>\n<p>&nbsp;<\/p>\n<p>&nbsp;<\/p>\n<p>&nbsp;<\/p>\n<p>&nbsp;<\/p>\n<p>&nbsp;<\/p>\n<p>&nbsp;<\/p>\n<p>&nbsp;<\/p>\n<p>&nbsp;<\/p>\n<p>&nbsp;<\/p>\n<p>&nbsp;<\/p>\n<p>&nbsp;<\/p>\n<p>&nbsp;<\/p>\n<p>&nbsp;<\/p>\n","protected":false},"excerpt":{"rendered":"<p>Informacija atnaujinta 2025-12-02 Gimnazijos nuostatai Veiklos programa 2026 m.&nbsp; Gimnazijos pradinio, pagrindinio ir vidurinio ugdymo planas 2025-2026 m.m. Ikimokyklinio ugdymo programa Gimnazijos strateginis veiklos planas 2025-2027 m. Vaiko gerov\u0117s komisijos veiklos programa 2025-2026 m.m. Mokini\u0173 tarybos veiklos planas 2025-2026 m.m. Metodin\u0117s tarybos veiklos planas 2026 m. Mokytoj\u0173 kvalifikacijos k\u0117limo programa 2026 m. Pradini\u0173 klasi\u0173 mokini\u0173 [&hellip;]<\/p>\n","protected":false},"author":1,"featured_media":0,"parent":1729,"menu_order":1,"comment_status":"closed","ping_status":"closed","template":"","meta":{"ngg_post_thumbnail":0},"_links":{"self":[{"href":"http:\/\/www.santarves.salcininkai.lm.lt\/index.php?rest_route=\/wp\/v2\/pages\/27"}],"collection":[{"href":"http:\/\/www.santarves.salcininkai.lm.lt\/index.php?rest_route=\/wp\/v2\/pages"}],"about":[{"href":"http:\/\/www.santarves.salcininkai.lm.lt\/index.php?rest_route=\/wp\/v2\/types\/page"}],"author":[{"embeddable":true,"href":"http:\/\/www.santarves.salcininkai.lm.lt\/index.php?rest_route=\/wp\/v2\/users\/1"}],"replies":[{"embeddable":true,"href":"http:\/\/www.santarves.salcininkai.lm.lt\/index.php?rest_route=%2Fwp%2Fv2%2Fcomments&post=27"}],"version-history":[{"count":214,"href":"http:\/\/www.santarves.salcininkai.lm.lt\/index.php?rest_route=\/wp\/v2\/pages\/27\/revisions"}],"predecessor-version":[{"id":8273,"href":"http:\/\/www.santarves.salcininkai.lm.lt\/index.php?rest_route=\/wp\/v2\/pages\/27\/revisions\/8273"}],"up":[{"embeddable":true,"href":"http:\/\/www.santarves.salcininkai.lm.lt\/index.php?rest_route=\/wp\/v2\/pages\/1729"}],"wp:attachment":[{"href":"http:\/\/www.santarves.salcininkai.lm.lt\/index.php?rest_route=%2Fwp%2Fv2%2Fmedia&parent=27"}],"curies":[{"name":"wp","href":"https:\/\/api.w.org\/{rel}","templated":true}]}}