{"id":4653,"date":"2020-03-09T20:03:08","date_gmt":"2020-03-09T18:03:08","guid":{"rendered":"http:\/\/www.santarves.salcininkai.lm.lt\/?page_id=4653"},"modified":"2025-03-14T12:27:18","modified_gmt":"2025-03-14T10:27:18","slug":"vadoveliai-ir-mokymo-priemones","status":"publish","type":"page","link":"http:\/\/www.santarves.salcininkai.lm.lt\/?page_id=4653","title":{"rendered":"Vadov\u0117liai ir mokymo priemon\u0117s"},"content":{"rendered":"<h3><a href=\"http:\/\/www.santarves.salcininkai.lm.lt\/wp-content\/uploads\/2025\/03\/Vadoveliai-ir-mokymo-priemones-2024.docx\">2024 m. \u012fsigyt\u0173 vadov\u0117li\u0173 ir mokymo priemoni\u0173 s\u0105ra\u0161as<\/a><\/h3>\n<h3><a href=\"http:\/\/www.santarves.salcininkai.lm.lt\/wp-content\/uploads\/2024\/08\/Vadoveliai-ir-mokymo-priemones-2023.docx\">2023 m. \u012fsigyt\u0173 vadov\u0117li\u0173 ir mokymo priemoni\u0173 s\u0105ra\u0161as<\/a><\/h3>\n<h3><a href=\"http:\/\/www.santarves.salcininkai.lm.lt\/wp-content\/uploads\/2023\/04\/Vadoveliai-ir-mokymo-priemones-2022.docx\">2022 m. \u012fsigyt\u0173 vadov\u0117li\u0173 ir mokymo priemoni\u0173 s\u0105ra\u0161as<\/a><\/h3>\n<h3><a href=\"http:\/\/www.santarves.salcininkai.lm.lt\/wp-content\/uploads\/2022\/03\/Vadoveliai-ir-mokymo-priemones-2021_2.docx\">2021 m. \u012fsigyt\u0173 vadov\u0117li\u0173 ir mokymo priemoni\u0173 s\u0105ra\u0161as<\/a><\/h3>\n<h3><a href=\"http:\/\/www.santarves.salcininkai.lm.lt\/wp-content\/uploads\/2021\/03\/Vadoveliai-ir-mokymo-priemones-2020-kiekis.docx\">2020 m. \u012fsigyt\u0173 vadov\u0117li\u0173 ir mokymo priemoni\u0173 s\u0105ra\u0161as<\/a><\/h3>\n<h3><a href=\"http:\/\/www.santarves.salcininkai.lm.lt\/wp-content\/uploads\/2020\/03\/Vadov\u0117liai-ir-mokymo-priemon\u0117s-2019-1.docx\">2019 m. \u012fsigyt\u0173 vadov\u0117li\u0173 ir mokymo priemoni\u0173 s\u0105ra\u0161as<\/a><br><!--StartFragment--><\/h3>\n<p><a href=\"http:\/\/www.santarves.salcininkai.lm.lt\/wp-content\/uploads\/2025\/03\/Santarves-aprasas-2022.pdf\">APR\u016aPINIMO VADOV\u0116LIAIS, J\u0172 KOMPLEKT\u0172 DALIMIS IR MOKYMO PRIEMON\u0116MIS TVARKOS APRA\u0160AS<\/a><\/p>\n\n\n<p><\/p>\n\n\n<p><!--EndFragment--><\/p>","protected":false},"excerpt":{"rendered":"<p>2024 m. \u012fsigyt\u0173 vadov\u0117li\u0173 ir mokymo priemoni\u0173 s\u0105ra\u0161as 2023 m. \u012fsigyt\u0173 vadov\u0117li\u0173 ir mokymo priemoni\u0173 s\u0105ra\u0161as 2022 m. \u012fsigyt\u0173 vadov\u0117li\u0173 ir mokymo priemoni\u0173 s\u0105ra\u0161as 2021 m. \u012fsigyt\u0173 vadov\u0117li\u0173 ir mokymo priemoni\u0173 s\u0105ra\u0161as 2020 m. \u012fsigyt\u0173 vadov\u0117li\u0173 ir mokymo priemoni\u0173 s\u0105ra\u0161as 2019 m. \u012fsigyt\u0173 vadov\u0117li\u0173 ir mokymo priemoni\u0173 s\u0105ra\u0161as APR\u016aPINIMO VADOV\u0116LIAIS, J\u0172 KOMPLEKT\u0172 DALIMIS IR MOKYMO [&hellip;]<\/p>\n","protected":false},"author":1,"featured_media":0,"parent":10,"menu_order":11,"comment_status":"closed","ping_status":"closed","template":"","meta":{"ngg_post_thumbnail":0},"_links":{"self":[{"href":"http:\/\/www.santarves.salcininkai.lm.lt\/index.php?rest_route=\/wp\/v2\/pages\/4653"}],"collection":[{"href":"http:\/\/www.santarves.salcininkai.lm.lt\/index.php?rest_route=\/wp\/v2\/pages"}],"about":[{"href":"http:\/\/www.santarves.salcininkai.lm.lt\/index.php?rest_route=\/wp\/v2\/types\/page"}],"author":[{"embeddable":true,"href":"http:\/\/www.santarves.salcininkai.lm.lt\/index.php?rest_route=\/wp\/v2\/users\/1"}],"replies":[{"embeddable":true,"href":"http:\/\/www.santarves.salcininkai.lm.lt\/index.php?rest_route=%2Fwp%2Fv2%2Fcomments&post=4653"}],"version-history":[{"count":10,"href":"http:\/\/www.santarves.salcininkai.lm.lt\/index.php?rest_route=\/wp\/v2\/pages\/4653\/revisions"}],"predecessor-version":[{"id":7202,"href":"http:\/\/www.santarves.salcininkai.lm.lt\/index.php?rest_route=\/wp\/v2\/pages\/4653\/revisions\/7202"}],"up":[{"embeddable":true,"href":"http:\/\/www.santarves.salcininkai.lm.lt\/index.php?rest_route=\/wp\/v2\/pages\/10"}],"wp:attachment":[{"href":"http:\/\/www.santarves.salcininkai.lm.lt\/index.php?rest_route=%2Fwp%2Fv2%2Fmedia&parent=4653"}],"curies":[{"name":"wp","href":"https:\/\/api.w.org\/{rel}","templated":true}]}}