{"id":6165,"date":"2023-01-23T22:32:10","date_gmt":"2023-01-23T20:32:10","guid":{"rendered":"http:\/\/www.santarves.salcininkai.lm.lt\/?page_id=6165"},"modified":"2023-02-22T23:17:38","modified_gmt":"2023-02-22T21:17:38","slug":"uta","status":"publish","type":"page","link":"http:\/\/www.santarves.salcininkai.lm.lt\/?page_id=6165","title":{"rendered":"UTA"},"content":{"rendered":"<h2><strong data-rich-text-format-boundary=\"true\"><a href=\"http:\/\/www.santarves.salcininkai.lm.lt\/wp-content\/uploads\/2023\/01\/Tevams-apie-UTA.pptx\">T\u0117vams apie ugdymo turinio atnaujinim\u0105 (UTA)<\/a><\/strong><\/h2>\n\n\n<p> <\/p>\n\n\n\n<div class=\"wp-block-file\"><a href=\"http:\/\/www.santarves.salcininkai.lm.lt\/wp-content\/uploads\/2023\/01\/UTA-planas-Santarves_patvirtintas.pdf\"><strong>ATNAUJINTO UGDYMO&nbsp; TURINIO \u012eGYVENDINIMO VEIKSM\u0172 IR PRIEMONI\u0172 PLANAS 2022-2023\/2024<\/strong><\/a><a href=\"http:\/\/www.santarves.salcininkai.lm.lt\/wp-content\/uploads\/2023\/01\/UTA-planas-Santarves_patvirtintas.pdf\" class=\"wp-block-file__button\" download>Parsisi\u0173sti<\/a><\/div>\n\n\n<h3><a href=\"https:\/\/www.e-tar.lt\/portal\/lt\/legalAct\/06c1f24040b711edbc04912defe897d1\">PATVIRTINTOS BENDROSIOS PROGRAMOS<\/a><\/h3>\n<p><strong data-rich-text-format-boundary=\"true\">Apie UTA pasiruo\u0161im\u0105 gimnazijoje<\/strong><\/p>\n\n\n<hr class=\"wp-block-separator\"\/>\n\n\n\n<p><strong>Darbingas pedagog\u0173 pirmadienis \u017eiemos atostog\u0173 metu<\/strong><\/p>\n\n\n\n<p>2023 m. vasario 13 d. buvo&nbsp; pravestas metodinis u\u017esi\u0117mimas \u201ePamokos plano pagal UTA k\u016brimas, koregavimas, aptarimas pateikiant rekomendacijas\u201c, kuriame sudalyvavo 25 gimnazijos mokytojai.<\/p>\n\n\n\n<p>Kiekviena metodin\u0117 grup\u0117 sudar\u0117 po 2 pamokos planus pagal UTA ir\u00a0 pristat\u0117 kolegoms. Vyko plan\u0173 aptarimas bei apibendrinimas. U\u017esi\u0117mimo rezultatai &#8211; mokytojai pagilino pamokos planavimo pagal UTA \u017einias ir geb\u0117jimus, buvo parengti 9 pamokos plan\u0173 pavyzd\u017eiai, atsirado bendri susitarimai tarp mokytoj\u0173 metodin\u0117se grup\u0117se.<\/p>\n\n\n\n<hr class=\"wp-block-separator\"\/>\n\n\n\n<p><strong>Pasirengimas dirbti pagal atnaujint\u0105 ugdymo turin\u012f<\/strong><\/p>\n\n\n\n<p>Ruo\u0161iantis UTA gimnazijoje buvo sukurta komanda, kurios pagrindinis tikslas yra pad\u0117ti mokytojams tinkamai pasiruo\u0161ti atnaujinto ugdymo turinio \u012fgyvendinimui, buvo sudarytas veiksm\u0173 planas.<\/p>\n\n\n\n<p>Vykdant gimnazijos Atnaujinto&nbsp;ugdymo turinio \u012fgyvendinimo veiksm\u0173 ir priemoni\u0173 plan\u0105,&nbsp;2022 m. gruod\u017eio 6, 7 d. mokytojams buvo pravestas metodinis u\u017esi\u0117mimas&nbsp; <strong>,,Kompetencij\u0173 \u017eem\u0117lapi\u0173 k\u016brimas ir nagrin\u0117jimas\u201c<\/strong>.<\/p>\n\n\n\n<p>U\u017esi\u0117mimo metu mokytojai, pasidalin\u0119 \u012f grupeles, nagrin\u0117jo, analizavo po dvi kompetencijas, k\u016br\u0117 kompetencij\u0173 \u017eem\u0117lapius ir juos pristat\u0117. U\u017esi\u0117mim\u0173 rezultatas &#8211; buvo sukurti 7 kompetencij\u0173 \u017eem\u0117lapiai, mokytojai geriau suprato kompetencij\u0173 sandus ir j\u0173 rai\u0161k\u0105.<\/p>\n","protected":false},"excerpt":{"rendered":"<p>T\u0117vams apie ugdymo turinio atnaujinim\u0105 (UTA) PATVIRTINTOS BENDROSIOS PROGRAMOS Apie UTA pasiruo\u0161im\u0105 gimnazijoje Darbingas pedagog\u0173 pirmadienis \u017eiemos atostog\u0173 metu 2023 m. vasario 13 d. buvo&nbsp; pravestas metodinis u\u017esi\u0117mimas \u201ePamokos plano pagal UTA k\u016brimas, koregavimas, aptarimas pateikiant rekomendacijas\u201c, kuriame sudalyvavo 25 gimnazijos mokytojai. Kiekviena metodin\u0117 grup\u0117 sudar\u0117 po 2 pamokos planus pagal UTA ir\u00a0 pristat\u0117 kolegoms. [&hellip;]<\/p>\n","protected":false},"author":1,"featured_media":0,"parent":0,"menu_order":13,"comment_status":"closed","ping_status":"closed","template":"","meta":{"ngg_post_thumbnail":0},"_links":{"self":[{"href":"http:\/\/www.santarves.salcininkai.lm.lt\/index.php?rest_route=\/wp\/v2\/pages\/6165"}],"collection":[{"href":"http:\/\/www.santarves.salcininkai.lm.lt\/index.php?rest_route=\/wp\/v2\/pages"}],"about":[{"href":"http:\/\/www.santarves.salcininkai.lm.lt\/index.php?rest_route=\/wp\/v2\/types\/page"}],"author":[{"embeddable":true,"href":"http:\/\/www.santarves.salcininkai.lm.lt\/index.php?rest_route=\/wp\/v2\/users\/1"}],"replies":[{"embeddable":true,"href":"http:\/\/www.santarves.salcininkai.lm.lt\/index.php?rest_route=%2Fwp%2Fv2%2Fcomments&post=6165"}],"version-history":[{"count":8,"href":"http:\/\/www.santarves.salcininkai.lm.lt\/index.php?rest_route=\/wp\/v2\/pages\/6165\/revisions"}],"predecessor-version":[{"id":6201,"href":"http:\/\/www.santarves.salcininkai.lm.lt\/index.php?rest_route=\/wp\/v2\/pages\/6165\/revisions\/6201"}],"wp:attachment":[{"href":"http:\/\/www.santarves.salcininkai.lm.lt\/index.php?rest_route=%2Fwp%2Fv2%2Fmedia&parent=6165"}],"curies":[{"name":"wp","href":"https:\/\/api.w.org\/{rel}","templated":true}]}}